 10*m + 48. Let y(i) = -11*i**2 - 2*i + 9. Let c(k) = -2*d(k) + 11*y(k). Determine c(1).
-2
Let v(h) = 32 - 11941*h - 11946*h + 35824*h - 11950*h. What is v(9)?
-85
Let f = 29559 - 29564. Let b(p) = -6*p**2 + 4*p + 5. What is b(f)?
-165
Let r(k) = 26*k + 39. Let w(c) = -11*c - 15. Let f(z) = -3*r(z) - 7*w(z). What is f(-3)?
-9
Let w be (-12)/462 - 4284/1078. Let d(k) = -k**2 - 7*k - 6. Determine d(w).
6
Suppose -6*v + 99*v - 651 = 0. Let o(s) = 16*s - 37. Let y(u) = -5*u + 12. Let w(j) = 2*o(j) + 7*y(j). What is w(v)?
-11
Suppose r + f - 3 = 0, 4*r + 2284*f = 2279*f + 18. Let d(t) = 23*t + 78. Determine d(r).
9
Let y(v) be the second derivative of v**7/2520 + v**6/120 + v**5/40 + v**4/3 - 5*v**3/6 + 67*v. Let r(p) be the third derivative of y(p). Determine r(-4).
-5
Let a(l) be the first derivative of -l**4/12 + l**3/2 + l**2/2 + 29*l - 2. Let g(x) be the first derivative of a(x). Suppose -9*s = -7*s - 6. Determine g(s).
1
Let v(i) = i**2 - 16*i + 7. Let f = 1403 - 1390. Give v(f).
-32
Let w(t) = -t**2 + 9*t + 7. Suppose 3*s - 10 + 2 = -2*n, n - 5*s = -22. Let z(r) = 3*r**2 - 18*r - 14. Let j(h) = n*z(h) - 5*w(h). Give j(-5).
13
Let y(q) be the second derivative of 7*q**3/6 + 19*q**2/2 - 30*q + 24. Determine y(-12).
-65
Let n = -25717 - -25730. Let i(l) = -6*l + 13. Give i(n).
-65
Suppose 9*b - 24 = 5*b + 4*u, 0 = u + 4. Suppose 4*n + 20 - 52 = b*w, 3*w + n + 20 = 0. Let o(i) = -9*i + i**2 + 3*i + 2*i**2 + 9 - 4*i**2. What is o(w)?
-7
Suppose -812 - 100 = -4*o. Let a(x) = -4*x**2 - o*x**3 - 231*x**3 + 1 + x + 460*x**3. Calculate a(3).
-5
Let t(h) be the second derivative of h**5/20 - 5*h**3/6 - 5*h**2/2 - 910*h. Give t(-3).
-17
Let j(p) = 812*p + 820*p + p**2 - 5 + 817*p - 2439*p. Determine j(-10).
-5
Let l be (-5 + -748)*(-2)/6. Let h = l - 250. Let t(x) = -2*x**2 - 2*x**2 + 0*x**2 + x - 1. What is t(h)?
-4
Let w(o) = 22*o + 142. Let k = 31702 + -31708. Determine w(k).
10
Let b be (-45)/(-20) + -2 - 403/(-4). Let n(m) = -204*m + 101*m + b*m. Determine n(-1).
2
Let f(c) = c**2 - 11. Let s be f(-4). Let w(l) = l**3 - 9*l**2 - 22*l + 3. Let y be w(11). Let b(h) = -3 - 1 + 2*h + y. Give b(s).
9
Let z = 2 - -161. Suppose z*c = 158*c + 30. Let b(n) = n**2 - 8*n + 5. Give b(c).
-7
Let r(t) = -2*t + 16. Let g(b) be the second derivative of b**3/6 - 4*b**2 + b - 5. Let x(f) = 14*g(f) + 6*r(f). Calculate x(11).
6
Let p(g) be the third derivative of -g**5/60 - g**4/8 - g**3/2 - 692*g**2. Calculate p(-2).
-1
Let h(q) be the third derivative of 120*q**2 + 0 - 1/30*q**5 + 0*q - 1/3*q**3 + 5/12*q**4. Give h(4).
6
Let h(p) be the second derivative of 1/2*p**2 - 5/3*p**3 - 95*p + 0. Calculate h(1).
-9
Suppose j + 15 = 4*g, 0 - 4 = 4*j - 2*g. Let x(i) = 2*i - 8. Let u(w) = 1. Let v(h) = j*x(h) + 6*u(h). Suppose -10 = -c - 15. Calculate v(c).
-12
Let z(s) = -s**3 + 17*s**2 - 16*s - 25. Suppose 35 = 2*u + 37, t - 21 = 5*u. Calculate z(t).
-25
Let h(k) = k**3 + 4*k**2 - 7*k - 4. Let c = 1052 - 1069. Suppose 0 = -2*g - 18 - 6. Let z = c - g. Determine h(z).
6
Let d be -3*(2 - (-20)/(-12)). Let l = d + 0. Let q(h) = 18*h**3 + 2*h**2 + h. Calculate q(l).
-17
Let c(n) = -8*n - 36. Let v(b) = b**2 - 8*b + 7. Let r be v(6). Let q be c(r). Let d(l) = -3*l**3 + 4*l**3 - 4 + q*l**2 - 4*l + 0*l**3. Calculate d(-4).
12
Let w(b) be the first derivative of -b**4/4 - 8*b**3/3 + 7*b**2/2 - 23*b + 1632. Give w(-9).
-5
Let a(r) = -4*r + 5*r**2 - 13*r**2 + 19*r + 6*r**2 + 8. Let g be a(8). Let p(o) = o**2 + 2*o - 5 - o - 2*o**2. Calculate p(g).
-5
Let m(s) = -s**2 + 5*s - 2. Let o(b) = 4*b**2 - 9*b. Let f be o(7). Let l(z) = -17*z**3 + z**2 - 7*z - 15. Let r be l(-2). Let g = r - f. What is m(g)?
-8
Let h(k) = k**2 + 10*k - 12. Suppose 4*w = 4*w + 6*w. Suppose w = -35*x + 26*x - 99. Give h(x).
-1
Suppose -46*j = -53*j + 1155. Let p = j - 169. Let s(y) = -2*y - 2. Give s(p).
6
Let v(x) be the first derivative of -x**4/4 - 8*x**3/3 + 9*x**2/2 + 6*x - 1. Suppose 0 = c + 2*r - 9, -c + 71 = 5*r + 35. Calculate v(c).
6
Let f(u) be the third derivative of u**6/120 - u**5/5 - u**4/2 + u**3/3 - 305*u**2 - u. Determine f(13).
15
Let r(j) = -6*j**2 - 8*j**2 + 12 + 10*j - 3*j**2 + 8*j**2 + 3*j**2. Let z(q) = q**2 + q. Let m(g) = r(g) + 5*z(g). Calculate m(15).
12
Let o(p) = -p**2 + 7*p + 16. Let y be o(8). Let i(j) = j**2 - 3*j - 1. Let m(k) = -k**3 + 13*k**2 - 18*k - 3. Let r(x) = 4*i(x) - m(x). Determine r(y).
-17
Let t(z) = -7*z**2 + 2*z. Suppose -4*f + 90*l - 89*l + 1 = 0, 0 = 5*f + 2*l + 15. Determine t(f).
-9
Let p(s) = -10*s**3 - 11*s**2 - 5*s - 18. Let f(h) = -13*h**3 - 11*h**2 - 4*h - 19. Suppose -38 = 9*o - 2. Let i(k) = o*p(k) + 3*f(k). Calculate i(-10).
35
Let z(a) = 6*a + 5. Let x(w) = -12*w - 8. Let k(y) = -3*x(y) - 5*z(y). Let j(l) = -l. Let d(c) = -10*j(c) - 2*k(c). Give d(3).
-4
Suppose -67 + 11 = 7*v. Let i(x) = x**2 + 6*x - 14. Let p be i(v). Let g(c) = -c + 25*c**3 + 2 - 26*c**3 + 4*c**p + 5*c**2. Determine g(9).
-7
Let f(d) = -d**3 + 3*d**2 - 4. Let u(a) = 14*a + 3. Let z be u(-4). Let t = z - -11. Let x be 18/48 - t/16. Give f(x).
-4
Let o(q) = -21*q + 4. Let v(f) = -46*f. Let j(x) = 13*o(x) - 6*v(x). Determine j(-16).
4
Let w(o) be the first derivative of -105 + 3/2*o**2 + 5/3*o**3 + 12*o + 1/4*o**4. Calculate w(-5).
-3
Let g(l) = -6*l + 21. Let m be g(5). Let q = m + 10. Let w(a) = 3 + 3*a + 2 + 2 - q. Calculate w(-4).
-6
Let z(v) = -v**3 + 8*v**2 + 7*v + 16. Let o(n) be the third derivative of -n**4/24 + 7*n**3/6 + 2*n**2 + 66. Let r be o(-2). Determine z(r).
-2
Let p(w) = -257 + w - 6*w + 258. Suppose -4*g = 14*g - 36. Calculate p(g).
-9
Let p(b) = 129*b. Suppose 64*o - 1 = -74 + 9. What is p(o)?
-129
Let x be (7/(63/(-318)))/((-4)/12). Suppose 6*t - 3*t - 3*z - 348 = 0, 0 = t - 3*z - x. Let k = t - 120. Let c(p) = 7*p - 1. Determine c(k).
6
Let h = -26 - -27. Let y(f) = -f + 2. Let o be y(h). Let p(x) = -2*x**2 + 2*x - 1. What is p(o)?
-1
Let p(b) = -2*b**2 - 3*b + 2. Let k be p(2). Let w be ((-2)/6)/(k/(-72)). Let i(c) be the second derivative of c**4/6 + 8*c. Determine i(w).
8
Let s(k) be the third derivative of -k**5/60 + k**4/8 + 59*k**3/3 + 5*k**2 + 382. What is s(12)?
10
Let m(z) be the third derivative of -z**5/120 + 13*z**4/24 - 29*z**3/6 + 16*z**2. Let l(a) be the first derivative of m(a). Let w = 83 + -74. Determine l(w).
4
Let b(q) be the second derivative of 0 + 3/2*q**3 - 2/3*q**4 + 1/20*q**5 - 4*q**2 + 34*q. What is b(7)?
6
Let z(k) = k**3 - k**2 + 2*k - 2. Let j be ((-20)/(-12) - 3)/((-4)/90). Suppose -22 + j = 4*s. Calculate z(s).
6
Let j = 60 + -54. Let k(f) = 6*f - 10. Let u(i) = -5*i + 8. Let w(s) = j*k(s) + 7*u(s). Give w(-4).
-8
Suppose -4*v + 2*y = -16, 10 = -6*v + 7*v - 2*y. Let o(z) = -2*z**3 + 6*z - 10. Give o(v).
-14
Let r(m) = m - 1. Let u(s) be the first derivative of s**2 - 3*s + 124. Let a(h) = -5*r(h) + 2*u(h). Calculate a(-1).
0
Let z(m) be the third derivative of 0*m - 5/24*m**4 + 0 + 32*m**2 - 1/2*m**3. Calculate z(-4).
17
Let r(g) = g**3 + 2*g**2 - 12*g - 14. Suppose 0 = -3*l - 2*j - 17, 4*l + 4*j - 3 = -35. Determine r(l).
-1
Let l(u) = 10*u - 1. Let j = 28 - 25. Suppose w = -4*w - 3*z + 24, -j*w = -2*z - 22. Let g be 4/(-24)*-2*w. Calculate l(g).
19
Let q(n) be the second derivative of -3*n**5/20 - n**4/3 - n**3/2 + n**2 - 9*n. Suppose -752*a = -750*a + 2*o + 2, 5*o = 5. Give q(a).
16
Let m(o) be the first derivative of -o**4/4 + o**3 + o + 1. Let f(z) = 4*z + 117. Let w be f(17). Let u = w + -182. Give m(u).
1
Let b(x) be the second derivative of -x**5/20 - 3*x**4/2 + x**3/6 + 17*x**2/2 + 1983*x. Let j(u) = -2*u**3 - u**2 - 18. Let n be j(0). Calculate b(n).
-1
Let r = -1 + 1. Let k(a) = 16 + 29*a - 68*a + 40*a. Determine k(r).
16
Let g(k) = 40*k**2 - 8*k**2 - 19*k**2 - 4 + 7*k. Let d(a) = 2*a**2. Let f(o) = -6*d(o) + g(o). Give f(-8).
4
Let t = 4470 + -4465. Let u(x) be the third derivative of 0*x**3 + 1/120*x**6 + 0 + 1/24*x**4 - 10*x**2 + 7/60*x**t + 0*x. Calculate u(-7).
-7
Let t(n) be the second derivative of -n**6/720 - n**5/24 + 2*n**4/3 - 4*n. Let u(d) be the third derivative of t(d). What is u(-7)?
2
Suppose h + 0 = s - 3, 0 = -2*h + 3*s - 10. Suppose 23*p - 91 = h. Let n(o) = o**3 - 3*o**2 + 2. What is n(p)?
18
Suppose 5*a - 22 = -12. Let h(q) be the first derivative of -q**3/2 + 5*q**2/2 + 22*q - 112. Let w(p) be